e 52*x - 4*w = 53*x - 3658, -4*x + 14588 = 5*w. What is the hundreds digit of x?
6
Suppose -4*t + 14 + 5 = 3*g, 2*t = -2*g + 12. Suppose 10 = 5*z - 0*z. Suppose -z*a + 5*p + 299 = 0, -g*a + 0*a + 761 = p. What is the hundreds digit of a?
1
Suppose 3*b + o = 0, 4*b - o - o = 0. Let q(f) = -5*f - f + f**2 + 6*f + 4. What is the units digit of q(b)?
4
Suppose 3*a + 5*k - 1380 = 0, 3*a - k = a + 907. Suppose 2*l - 5*l - 449 = 2*f, -2*f + 3*l - a = 0. Let s = f - -335. What is the hundreds digit of s?
1
Let n(t) = -19578*t**3 + 15*t + 13. What is the tens digit of n(-1)?
7
Suppose 4*b + 5*p = 15218, -2*b + 61*p - 56*p = -7594. What is the tens digit of b?
0
Let w = -14131 + 21175. What is the tens digit of w?
4
Let d = 6147 - 5130. What is the tens digit of d?
1
Suppose 51 + 675 = 3*m. Let u = m + -161. What is the tens digit of u?
8
Let c be (-42)/(-3) + (-2)/((-8)/12). Suppose 18*u = c*u + 137. Suppose 492 = 140*d - u*d. What is the hundreds digit of d?
1
What is the tens digit of 2056410/290 + 4/(-58)?
9
Suppose 0 = 313*o + 14*o - 663269 - 1438687. What is the tens digit of o?
2
Suppose n - 3591 = -2*b, -7*b + 7200 = 2*n - 12*b. Suppose -5*t + n = -5*j, -727 = -t + 4*j + j. What is the units digit of t?
7
Let s = -4 - -19. Suppose 4*i = 9*i - s. Suppose -r - 41 = 5*k - 464, -k + 79 = i*r. What is the units digit of k?
5
Let b = -284 + 498. Let c = b + -174. What is the tens digit of c?
4
Let d be 1702/(-8) + (-2)/8. Let x(t) = -t**2 + 60*t + 259. Let q be x(66). Let r = q - d. What is the tens digit of r?
7
Suppose 11*n = 10*n + 1. Let f be -110 + (n + -1)*14/42. Let b = 171 + f. What is the tens digit of b?
6
Let i(w) = w**3 - w**2 - w + 1. Let z(f) = 5*f**2 + f - 6. Let q(b) = -4*i(b) - z(b). Suppose -7*v + 8 - 22 = 0. What is the units digit of q(v)?
4
Let c be (144/(-120))/(51/(-15) + 3). Suppose z = 4*z + 6, -c*u + 1844 = -4*z. What is the tens digit of u?
1
Let t = 250 + -221. Suppose 32*h = t*h + 2571. What is the hundreds digit of h?
8
Let t be (-20)/(-70) + 262/14. Suppose 22*s = t*s + 12. What is the units digit of s/10 + (-1790)/(-25)?
2
Let s(t) = -110*t + 6. Let v be s(-1). Suppose 0 = -110*y + v*y - 396. What is the tens digit of y?
6
Let b(t) = t**2 - 21*t - 18. Let o be b(-16). Let l = o - 203. What is the units digit of l?
1
Suppose -4*h = -u - 347459, 30*u - 28*u + 14 = 0. What is the tens digit of h?
6
Let r(y) = 123*y**3 - 8*y**2 - 32*y + 99. What is the hundreds digit of r(4)?
7
Let n = 6 + -2. Let b(z) = 335*z + 6. Let a(c) = 849*c + 11. Let y(s) = 2*a(s) - 5*b(s). What is the tens digit of y(n)?
8
Let i be (-3)/(-8) + (-10132)/(-32). Suppose -i - 483 = -5*u. What is the hundreds digit of u?
1
Let c(j) = -541*j - 4176. What is the tens digit of c(-16)?
8
Let u = -4035 + 28830. Suppose 99*a - 80*a - u = 0. What is the units digit of a?
5
Let a(w) = 2*w**3 - 115*w**2 + 90*w + 66. What is the units digit of a(57)?
7
Suppose 0 = 4*y - 5*p - 13459 - 54252, 8*y = -3*p + 135487. What is the ten thousands digit of y?
1
Suppose 35*s + 4*u + 6738 = 37*s, 16875 = 5*s + 5*u. What is the hundreds digit of s?
3
Let f(o) = o**3 + 7*o**2 + 4*o + 23. Let h be f(-7). Let n be 2*(8665/(-50) - (-1)/h). Let d = 511 + n. What is the tens digit of d?
6
Let t(f) = -f**3 + 44*f**2 - 73*f + 29. What is the thousands digit of t(16)?
6
Suppose -2*g + v + 84 = 0, 4*g + 209 = 9*g - 3*v. Suppose -g*i - 249 = -12289. What is the tens digit of i?
8
Let r(w) = 410*w**2 - 5*w + 4. Let u be r(1). Suppose -3*l + u = 4*t - 1476, t + 5*l - 467 = 0. What is the tens digit of t?
7
Suppose -6*q + 11 = -19. Suppose -13*v = -q*v. What is the units digit of 0 + (2 - v) + 2 + 30?
4
Let x be (-2)/(-12) + (1468/(-24) - -3). Let r = x - -63. Suppose r*u = 15, 5*u = c + 2*c - 42. What is the tens digit of c?
1
Suppose 15*u + 26*u + 5*u = 350014. What is the tens digit of u?
0
Let q = -45 - -49. Suppose 8*k + q = 10*k. What is the units digit of (-3 - -68) + -1 + k/(-1)?
2
Suppose 0 = m + 15*m - 62092 - 122132. What is the thousands digit of m?
1
Suppose d + 945 = 22*d. What is the tens digit of 10/d - (-1346)/18?
7
Let a(l) = 2*l + 7. Let n be a(-3). What is the units digit of (-403 + n)*(-48)/96?
1
Let l = -48 + 410. Suppose -3*h + l = -h - p, 3*h + 2*p = 536. What is the tens digit of h?
8
Let a be (-99)/(2 - 5) + 15/3. Suppose 7*x = a*x - 12958. What is the tens digit of x?
1
Suppose -5*y = -5*i - 290, 5*y + 1 = 6*y. Let c = 145 + i. What is the units digit of c?
8
Let o = -297 - -159. Let i = o + 226. What is the units digit of i?
8
Let o be -3 - (-1 - -3 - 3). Let l be (9/3 - o)*1. Let w(b) = 3*b**2 + b + 2. What is the units digit of w(l)?
2
Suppose 11*n - 9990 = 14606. What is the tens digit of n?
3
Let n(w) = -522*w**3 - 5*w**2 - 9*w - 4. Let u be n(-2). Let g = u - 2772. What is the hundreds digit of g?
3
Suppose 95410 = 99*o - 29*o. What is the units digit of o?
3
Let s(j) = -50*j - 10. Suppose 80 = -2*a + 7*a. Let l be (-30)/240 - (1 - (-46)/a). What is the units digit of s(l)?
0
Let j be (-2 - -30)*62/8. Let a = -332 + j. Let q = 205 + a. What is the tens digit of q?
9
Suppose -7*s = 10*s - 20808. Let p = 2365 - s. What is the units digit of p?
1
Let f(i) = i**2 + 7*i + 37. Let b(n) = 6*n - 67. Let s be b(9). What is the units digit of f(s)?
5
Suppose 2*z + 682 = 5*c, 5*z = -3*c - 252 - 1391. Let n be -12*(301/14 + -6). Let d = n - z. What is the tens digit of d?
4
Let p(s) = -9 - 15 - 7 + 27 + 2*s**2 + 2*s. Let i be 38/(-14) - 14/49. What is the units digit of p(i)?
8
Let t be 21579/18 - 2/(-12). Suppose 3*m - t = -2*c - 83, -9 = -3*c. What is the tens digit of m?
7
Let c = -3454 - -18656. What is the ten thousands digit of c?
1
Let j(l) = 111*l**2 + 25*l + 3. Let v(p) = 55*p**2 + 13*p + 2. Let s(u) = 3*j(u) - 5*v(u). What is the hundreds digit of s(-2)?
2
Let p = -23603 - -29449. What is the hundreds digit of p?
8
Suppose 0 = 323*j - 4065776 - 1780201. What is the tens digit of j?
9
Suppose 0 = -75*v + 70*v + 5700. Let r = 2438 - v. What is the thousands digit of r?
1
What is the tens digit of (5/((-20)/1221))/(-1 - (-30)/48)?
1
Let t be (-9)/(-1)*((-24)/9 - -3). Let g = -31 + 81. Suppose -t*n - 41 = -g. What is the units digit of n?
3
Suppose -4*t = -2*l + 38, 5*t - 50 = -5*l + l. What is the units digit of 6/l + -6 + (-2426)/(-10)?
7
Let x = -548 + 549. What is the units digit of (x + 1 - 8)*5348/(-42)?
4
Let y be 571/3 + -10*(-12)/180. What is the units digit of y - (1 + (-5 - -13) - 5)?
7
Let o(q) be the second derivative of 77*q**3/6 - 11*q**2 - 3*q + 13. What is the tens digit of o(6)?
4
Suppose -4*g + 5288 = -4*c, -c = -5*c + 16. What is the units digit of g?
6
Suppose -m + 2*y - 6 = 0, y + 3006 = -3*m + 3023. Let p be (65*4)/((-2)/(-4)). Suppose -5*f + 1295 = 5*g, -2*g + 0*g - m*f = -p. What is the tens digit of g?
5
Suppose 0 = -3*t + 12112 - 967. What is the hundreds digit of t?
7
Suppose -37*i = -17*i. Suppose 2*z - 1694 = -i*z. What is the hundreds digit of z?
8
Let y = 299 + 226. Let q = y + -455. What is the tens digit of q?
7
Let d(i) = 6*i**2 - 116*i - 28. What is the units digit of d(-11)?
4
Suppose 3*k = 3*s + 1251 + 2016, -4350 = -4*k - 2*s. Suppose 2*m = 2*h + k, 3*m - 4*h - 2716 = -2*m. What is the tens digit of m?
4
Let o(g) = -170*g - 60. Suppose -80 = 10*i - 40. What is the tens digit of o(i)?
2
Let k = -20580 + 37638. What is the units digit of k?
8
Suppose 4*r = -2*b + 42, 2*b + 0*b - 24 = -2*r. What is the tens digit of 890 + ((-2)/r - (-12)/54)?
9
Suppose -9*v - 2576 = -4*a - 4*v, -2572 = -4*a + 4*v. What is the tens digit of a?
3
Let w(u) = 89*u - 106*u + 98*u. Let p be w(-1). What is the tens digit of 18/p + 1534/18?
8
Suppose -3*q = -3*b - 318, 110 = -b + 2*q + 3*q. What is the units digit of (-14)/b - (-4993)/15?
3
Let x(r) = -8*r + 1. Let n(j) = 5*j**3 + j**2 - 1. Let g be n(-1). Let t be x(g). Suppose -5*d + d + 186 = 3*q, -d = -2*q - t. What is the units digit of d?
5
Let l(t) = 51*t**2 + 70*t - 732. What is the ten thousands digit of l(36)?
6
Suppose -29 + 113 = -3*g. What is the hundreds digit of 12/g - 42960/(-84)?
5
Let z = -49644 + 78631. What is the tens digit of z?
8
Let w = -522 - -180. Let i = 112 - w. What is the hundreds digit of i?
4
Let p be (-2)/10*-10 - 1*-1. Suppose p*y - 32 = 109. What is the tens digit